*f + 7*w - 106, -5*w + 104 = 3*f. Calculate the highest common factor of f and 190.
38
Suppose 500 = 8*b - 3*b. Suppose 0 = -p - 0*c - 5*c + 120, 3*c + 468 = 3*p. What is the highest common factor of p and b?
50
Let x be 119 - (-4 + (2 - 2)). Calculate the highest common factor of 3 and x.
3
Let g be ((3 - 5) + 3)*45. Calculate the greatest common divisor of g and 30.
15
Suppose o + 2 - 7 = 2*c, -5*c + 55 = 5*o. Let i = 31 - 25. Let l = i - 0. Calculate the greatest common factor of l and o.
3
Let n = -10 - -10. Suppose n = -4*q - 5*p + 103, 2*q - 3*p = -0 + 79. What is the greatest common divisor of q and 8?
8
Let h(f) = 7*f**2 + 2*f + 7. Let o be h(-2). Calculate the highest common divisor of 2 and o.
1
Let d(o) = -o**2 + 6*o - 1. Let f be d(4). Suppose 635 = 12*x - 37. What is the greatest common divisor of x and f?
7
Suppose 17*x + 32*x = 294. Let r = 87 - 45. What is the greatest common divisor of r and x?
6
Let w = 3065 + -2071. Calculate the greatest common divisor of 14 and w.
14
Suppose -5*p = 3*z - 10100 + 2475, 0 = p + 3*z - 1525. Calculate the highest common divisor of p and 61.
61
Suppose 36 + 15 = f. Let j = -179 - -187. Let q be j*(3/15 + (-81)/(-20)). Calculate the greatest common factor of q and f.
17
Let o = -7 + 3. Let a(z) = -4 - 7*z - z**2 - 2*z + z. Let g be a(o). Calculate the greatest common factor of 12 and g.
12
Let c be ((-30)/(-11))/((-130)/(-715)). Let p = -66 + 231. What is the highest common divisor of c and p?
15
Let k(b) = b**2 + b - 17. Let l be k(-7). Let v(c) = -c**3 + c**2 - 11*c - 5. Let s be v(-5). What is the greatest common divisor of l and s?
25
Let a = 119 + -68. Let k = 21 + -29. Let l be (-9)/24 - 139/k. Calculate the greatest common divisor of a and l.
17
Let q(h) = 2*h + 4. Let t = -9 - 0. Let y be q(t). Let g be -4*(0 - y/(-8)). What is the greatest common factor of g and 7?
7
Let x(w) = -w**2 - 23*w + 237. Let o be x(-24). What is the greatest common factor of 3 and o?
3
Suppose -179 = -4*w - 27. Let j be (-176)/(-24) + -7 - 339/(-9). What is the highest common divisor of w and j?
38
Let r(j) = j**3 + 8*j**2 + 13*j + 8. Let s be r(-6). Suppose 4*t + 0*t + p - 13 = 0, 4*t + s*p = 14. Calculate the greatest common divisor of 3 and t.
3
Let h be ((-324)/10)/((-6)/20). Suppose -5*q = 200*s - 197*s - 114, 3*s - 66 = -3*q. What is the highest common factor of h and q?
12
Let w(r) = r**3 - 12*r**2 - 37*r + 60. Let g be w(15). What is the greatest common divisor of g and 60?
60
Let a be 1/(-4) - 361/(-4). Let x = 1161 + -1151. Calculate the greatest common factor of a and x.
10
Let m = -36 + 66. Calculate the greatest common factor of 180 and m.
30
Suppose -23*d = -24*d + 15. Calculate the greatest common factor of 105 and d.
15
Let q(t) = -t**3 + 17*t**2 - 16*t - 34. Let a be q(15). Suppose 10*k = a + 624. Calculate the highest common factor of 10 and k.
10
Let v(s) = 20*s**2 - 19*s**3 + 20*s**3 + 9*s - 24 + 0*s - 7*s**2. Let u be v(-12). Calculate the greatest common factor of u and 4.
4
Let s(d) = -24*d - 198. Let q be s(-17). What is the highest common divisor of 42 and q?
42
Let v(u) = u**2 - 16*u - 16. Let c(d) = -2*d**2 + 33*d + 31. Let x(h) = -2*c(h) - 5*v(h). Let f be x(14). Calculate the highest common factor of f and 12.
6
Suppose 0 = g - 5*g + 104. Calculate the greatest common factor of 8 and g.
2
Suppose 0 = 8*z - 3*z - 15. Suppose 356 = z*d - 184. Let s(u) = 2*u**2 - 8*u - 4. Let n be s(6). What is the highest common factor of d and n?
20
Let n = 2902 - 2699. Let w be (-3 - -2)/(2/(-58)). What is the greatest common divisor of n and w?
29
Let o = 69 + 83. What is the greatest common factor of o and 874?
38
Suppose 550 = 9*x - 4*x. Let s(b) be the second derivative of -b**4/12 + b**3/6 + 11*b**2 - 2*b. Let l be s(0). What is the greatest common factor of x and l?
22
Suppose -10*r - 3590 = -4130. What is the highest common divisor of 150 and r?
6
Suppose 0 = -4*o + k + 212, -118*k = 5*o - 113*k - 240. Let r(y) = -7*y - 3 + 3*y + 0*y. Let f be r(-4). What is the highest common factor of f and o?
13
Let b = -275 - -449. Suppose 48*p = 46*p + b. What is the highest common factor of p and 58?
29
Let v be -18*(10/(-4) + 2). Let r(u) = 13*u**3 - 10*u**2 + 3*u + 2. Let y be r(2). Calculate the highest common divisor of v and y.
9
Let y(k) = 15*k - 63. Let v be y(5). Let h be 5*4/v*(-588)/(-10). What is the highest common divisor of h and 28?
14
Let n(f) = 0*f**2 + f**2 + 6*f - 8*f - 11 - 3*f. Let r = 19 + -11. Let u be n(r). What is the greatest common divisor of 13 and u?
13
Suppose -q = 4*q - 5*g - 25, 5*q - 31 = 2*g. Suppose 98 = 7*p + q. What is the greatest common factor of 13 and p?
13
Let m = 10 - 28. Let w = -16 - m. Suppose -180 = -0*c - w*c. What is the highest common divisor of c and 36?
18
Suppose -22*a + 25*a = 4*d + 352, 4*d = 2*a - 228. Let h be -2*(21/(-49) - (-422)/(-28)). Calculate the highest common factor of a and h.
31
Let o = 174 - 122. Let k = o - -12. Calculate the highest common divisor of k and 8.
8
Let p be -2 + 2 - 4 - -33. What is the highest common factor of 580 and p?
29
Suppose 2*i + i - 15 = h, 4*i - 20 = 2*h. Let w(b) = 13 - 6 - i + 3*b**2. Let j be w(2). What is the highest common divisor of 56 and j?
14
Let o be 385*(63/42 - (-1)/(-2)). Calculate the greatest common divisor of 55 and o.
55
Let t(o) = o**2 - 14*o - 26. Let q be t(16). Let a be ((-8)/12)/((-2)/q). What is the greatest common factor of 1 and a?
1
Let q = 1701 + -1655. Calculate the highest common divisor of q and 529.
23
Suppose 0 = 5*m - 4*a + 8*a, -4*m - 5*a + 9 = 0. Let g = m - -26. Calculate the highest common divisor of g and 22.
22
Suppose 0 = 5*a - 93 - 47. Let m be (a/(-98))/((-1)/14). Suppose -d - 2*p = -36, -17 = 5*p + 3. What is the greatest common factor of d and m?
4
Let w be ((-12)/(-10))/(9/(-30)). Suppose -56 = -8*o - 0. Let f be -2*w/(1 + o). Calculate the greatest common divisor of 2 and f.
1
Let w(i) be the second derivative of i**3/3 - 8*i**2 - 7*i. Let x be w(9). Let o be 9 + -5 + x + 0. What is the highest common factor of 12 and o?
6
Let p(z) = -8*z - 6. Let g be p(-4). Let n = 179 - -55. What is the highest common divisor of g and n?
26
Suppose y - 4*l - 233 = -55, 0 = -2*y + 4*l + 340. Let p = y + -102. Let s = -11 - -21. What is the greatest common divisor of s and p?
10
Let k be 126/((2 - 3) + 2). Suppose -3*g - 5*c = -7*c - 42, 2*g = -2*c + 28. Calculate the greatest common divisor of g and k.
14
Suppose -71 = -g - 2*w, 5*w + 86 - 376 = -4*g. Calculate the highest common factor of g and 200.
25
Suppose 92*y - 95*y + 40 = -4*d, 0 = 4*d - 8. What is the highest common factor of y and 68?
4
Suppose 499 = -5*m + 1634. Suppose 63 = 5*p - m. Let y = p - 34. What is the highest common divisor of 3 and y?
3
Let k = 244 - 222. Calculate the greatest common factor of 4 and k.
2
Let i(v) = 6*v - 82. Let o be i(14). What is the greatest common divisor of o and 86?
2
Suppose -2*s + 2*o = -198, 8*o = -3*s + 13*o + 295. Calculate the highest common divisor of 120 and s.
20
Suppose -20*f + 3240 = -2*f. What is the highest common divisor of f and 40?
20
Suppose 3*q = -3*d + 60, q = 5*q - 12. What is the greatest common divisor of 136 and d?
17
Suppose 2*v - 6*v - r + 611 = 0, 772 = 5*v + 4*r. Let l(x) = x**2 + 9*x - 17. Let n be l(-12). Calculate the highest common factor of n and v.
19
Let c be (-185)/(-25) + (-4)/10. Suppose 332 = 4*g + 24. Calculate the greatest common factor of g and c.
7
Let g = -351 + 355. What is the greatest common divisor of 214 and g?
2
Let a(c) = -c**2 - c - 1. Let j(s) = 7*s**2 - 5*s + 5. Let h(u) = 6*a(u) + j(u). Let k be h(12). What is the greatest common divisor of 33 and k?
11
Suppose -y + 4 = -2. Let t = -4 + y. Suppose -236 = -11*r + 6. Calculate the highest common divisor of t and r.
2
Let b be 4 - (-2)/(780/194 - 4). Let a = b - 79. Suppose -3*r + 9 = 3*y - 2*r, -4*y - 1 = -3*r. What is the greatest common divisor of a and y?
2
Let q be (259/14)/((-1)/(-6)). Suppose 2*k = -4 + 152. Calculate the highest common factor of k and q.
37
Suppose 2*k - 4*s - 30 = 40, -4*k = -2*s - 110. Let t = 39 - k. Suppose 0 = 5*z + 4*c - 52, z = -4*c + 2*c + t. What is the greatest common divisor of 8 and z?
8
Suppose -3*s + 103 = 19. Let p(f) = -2*f. Let q be p(1).